Let c = 600 + -371. Let x = 214 - c. Give d(x).
-1
Let o(j) be the first derivative of 8*j**3/3 + j**2 + 2*j + 8824. Give o(-2).
30
Suppose g + 0*t - 21 = -3*t, 0 = g - t - 21. Suppose 5*n - g = 4. Let m(o) = 3*o**2 - n*o**2 - 4 + 4. Calculate m(1).
-2
Let m(r) = 7*r + r**2 + 22 + 4 - 14*r - 20. Suppose 0 = q + 4*k + 4, -2*q + 0*k + 22 = -2*k. Calculate m(q).
14
Let k be (-11)/(44/(-368)) - -1. Let o = k + -88. Let p(m) = m**3 - 5*m**2 - 4*m - 3. Determine p(o).
-23
Let t(h) = 17*h**3 + 13*h + 6. Let v(n) = 30*n**3 + n**2 + 25*n + 13. Let q(g) = -7*t(g) + 4*v(g). Determine q(-5).
-60
Let y(c) = -5*c**2 + 8*c - 2. Let s be y(2). Let t = s + 10. Let b(i) = -1 + 2*i + 5*i - i**2 - 6*i - t*i. Give b(-3).
-1
Let n(t) = -21*t**3 - 7*t**2 - 3*t - 31. Let c(f) = 41*f**3 + 13*f**2 + 5*f + 57. Let m(x) = 6*c(x) + 11*n(x). What is m(1)?
14
Let i be (-2 - -3 - 3)/2. Let b(z) be the third derivative of -7*z**5/30 - z**4/12 - z**3/6 - 17483*z**2. Calculate b(i).
-13
Let c be (-9)/(-36) - 3/12. Suppose 3*s - 9*s + 24 = c. Let h(o) = -o**3 + 4*o**2 + 2*o - 1. Give h(s).
7
Let c(k) = -k**3 + 5*k**2 + 27*k + 4. Let u be c(-3). Let i(j) = -11*j + 31. Let l(r) = -15*r + 32. Let x(g) = 5*i(g) - 4*l(g). What is x(u)?
2
Let j be 13/39*430/30 + 2/9. Let c(m) = m**2 + 4*m + 9. What is c(j)?
54
Let c(a) be the third derivative of 0*a + 76*a**2 + 0 + 1/8*a**4 + 0*a**3. Give c(-1).
-3
Let q(o) = -7*o**2 + 19*o - 18. Let w be q(1). Let t(n) = 2*n**3 - 8 - 8*n - n**3 + 0 + 7*n**2 + 10*n. Give t(w).
16
Let z(d) be the second derivative of d**4/12 - 7*d**3/6 - 2*d**2 + 10*d. Let y be z(8). Let q(u) = y + 9*u + 1 - 4 - 6*u. Determine q(3).
10
Let z(t) = 11*t - 19. Let k = -17 - -13. Let x(s) = 9*s - 18. Let a(q) = 10*q + 125. Let b be a(-12). Let o(d) = b*x(d) + k*z(d). Determine o(0).
-14
Let i(q) = -18*q**2 + q. Let n(d) = 26*d + 103. Let g be (-7)/2 + (65/13)/(-10). Let a be n(g). Determine i(a).
-19
Suppose i - 41 = 4*j - 55, 2 = -5*j - 2*i. Let w(c) be the first derivative of 1/2*c**j - 5*c - 13. What is w(10)?
5
Let g(h) be the second derivative of h**3/2 - 60*h**2 - 3135*h. Determine g(36).
-12
Let u be (-148)/(-10) - (-2400)/750. Let g(j) = -j**3 + 19*j**2 - 15*j - 65. Determine g(u).
-11
Let n(m) = 20*m**2 + 2*m + 19. Let h(u) = 7*u**2 + 6. Let k(c) = 17*h(c) - 6*n(c). Suppose 0 = -5*b - 0*q + q - 50, q = 5. Determine k(b).
15
Let z(w) = -w**2 + 12*w + 122. Suppose -5*m - 47 = 4*b, -4*m - 17*b = -14*b + 37. Calculate z(m).
-11
Let i(u) = -39*u**3 + 3*u - 4. Suppose -3*n = 4*c - 4, 2*n + 34 = 2*c + 32. Calculate i(c).
-40
Let c = -154 - -654. Suppose -6*r - 4*r = -c. Suppose r*s - 44*s - 48 = 0. Let v(t) = -2*t - 8. Calculate v(s).
-24
Let i = -133 + 135. Let m(z) = -22*z + 8*z - 30 + z**i + 38. What is m(14)?
8
Let w = -2952 + 2961. Let n(l) = -3*l - 11. Give n(w).
-38
Let f(w) = -178*w - 2878 + 2877 + 180*w. Determine f(4).
7
Let t = 18738 + -18733. Let h(z) be the second derivative of -5/12*z**4 - z**2 - 44*z + 5/6*z**3 + 0 + 1/20*z**t. What is h(3)?
-5
Let f = 121 - 30. Suppose 7*g + 70 = f. Let j(w) = -w**3 + w**2 + 3*w - 3. Give j(g).
-12
Let v(a) = 9*a - 78. Suppose g + 7*l = 2, -39 = -5*g - 3*l + 3. Calculate v(g).
3
Let l = 0 - -541. Let t = l + -541. Let c(g) = g + 0 - 4 - 4. What is c(t)?
-8
Suppose -4*d = s + 25, 0 = -d + 373*s - 374*s - 10. Let m(x) = x**2 + 5*x + 4. Determine m(d).
4
Let f(u) be the first derivative of 134 + 0*u - 1/2*u**2 - 29/3*u**3. Give f(-1).
-28
Let w(b) = 7*b**2 - 10*b + 12. Let o(k) = 23 - 102*k**2 - 20*k + 0*k + 115*k**2. Let g(u) = 6*o(u) - 11*w(u). What is g(9)?
-3
Let r(q) = 7*q - 176. Let n(l) = 66*l - 1686. Let j(f) = -5*n(f) + 48*r(f). Determine j(4).
6
Suppose 8*v = -1882 + 1994. Let x(w) = -20*w + 263. Determine x(v).
-17
Suppose 18*d = 106 - 52. Let f be (d + 1 + 2)/(9/(-6)). Let q(m) = -3*m - 8. Give q(f).
4
Let o(k) = k + 9. Let d(c) = 63 + 5*c**2 - 7*c**2 + 34*c - 7 - 29. Let u be d(18). Give o(u).
0
Let n(r) = -r**3 - 10*r**2 - 15*r + 2. Let i(a) = a**3 + 9*a**2 + 13*a - 2. Let x = -429 - -424. Let l(y) = x*i(y) - 4*n(y). Determine l(-4).
6
Let h(t) = -4*t + 1. Let i(s) = 15*s - 9. Let d(o) = -o**3 + 2*o**2 + 5*o - 2. Let n be d(-2). Let a(x) = n*h(x) + i(x). Give a(-6).
1
Suppose 0 = -19*s + 18*s + 3. Let p(r) be the first derivative of r**4/2 - r**3/3 - 2*r**2 + r + 1170. What is p(s)?
34
Let p(r) = -7*r**3 - r**2 + 3*r + 1. Let w = 3181 - 3183. What is p(w)?
47
Let w(t) = 6*t. Let l = 110 + 98. Suppose 7*m = -m + l. Suppose 2*f = -8, 4*f = -c - 4*c - m. Determine w(c).
-12
Let g(o) = o. Suppose 2*j - 82 = -90. Let r be (-8)/(-3) + (12/(-9))/j. Calculate g(r).
3
Let j(b) = b**2 - 2*b - 7. Let z(m) = m**3 - 13*m**2 - 12*m - 24. Let r be z(14). Suppose 38*n - 4 = 37*n, 0 = r*w - 4*n - 4. Determine j(w).
8
Let n(y) = 6*y + 50. Let c = -7766 + 7746. Determine n(c).
-70
Let b(c) = 2*c**2 + 51*c + 47. Let l be (13/(-234)*-30)/((-4 + 2)/30). Calculate b(l).
22
Let q = -88 + 92. Suppose -q*t - 2*g - 30 = 0, 21*g - 25 = 26*g. Let w(h) = -h**2 - 6*h - 7. Determine w(t).
-2
Let o(k) = -7*k**2 - 15*k + 16. Let v(u) = -17*u**2 - 30*u + 33. Let t(x) = -7*o(x) + 3*v(x). Determine t(7).
-6
Let k(f) = -2*f + 5. Let b = 203 - 203. Let h(z) = -z**3 + 4*z + 8. Let s be h(b). Determine k(s).
-11
Let u(a) = 3*a**3 - 3*a**3 + 3 - 2*a + a**2 + a**3. Suppose -1136 = -322*c - 492. Calculate u(c).
11
Suppose 26*c - 44 = -2*c + 26*c. Let i(m) = 6*m - 109. Calculate i(c).
23
Let c = -409 - -150. Let n be c/(-21) + (-6)/(-9). Let o(w) = -w**2 + 14*w - 16. Give o(n).
-3
Suppose 3 = -4*p + 7. Suppose 353 = 51*d - 157. Let n(h) = 1 + h**2 + d*h - 14 - p. Give n(-11).
-3
Let w(f) be the second derivative of -f**4/12 + 17*f**3/2 + 49*f**2 - 4160*f. Give w(53).
-8
Let n(q) = q**3 - 7*q**2 + 9*q - 8. Suppose j + j = 276. Let c = j + -132. Give n(c).
10
Let r(j) be the third derivative of 0 - 1/4*j**4 + 0*j + 3*j**2 - 1/6*j**3. Let t(k) = k**3 + 3*k - 1. Let w be t(0). Determine r(w).
5
Let o(l) be the first derivative of -l**2/2 + 9*l + 19. Suppose -7*s + 115 = -32. Suppose -3*p + s = -0*p. Determine o(p).
2
Let c(s) = 1001*s + 4010. Let v be c(-4). Let p(m) be the third derivative of -1/120*m**v + 0*m - 1/24*m**4 + 0 + 1/3*m**3 - 1/60*m**5 - m**2. Give p(-2).
8
Let y(d) be the first derivative of 5/2*d**2 - 4/3*d**3 - 5*d + 243. Determine y(1).
-4
Let f = -36 + 64. Let r(k) = f*k**2 - 3*k**2 - 3 - 3 + 5. Determine r(-1).
24
Let q(p) be the second derivative of p**4/12 - p**3 - 5*p**2/2 - 1552*p. Determine q(8).
11
Let k(q) = -q**3 + 10*q**2 + 11*q - 11. Suppose -15*h = 864 - 1029. What is k(h)?
-11
Let r(j) = -2*j**2 + 8*j + 9. Let i(t) = 3*t**2 - 12*t - 10. Let x(g) = -3*i(g) - 4*r(g). Determine x(3).
-3
Let t = -82 - -82. Suppose -5*v + 10 + 15 = t. Suppose 7*l + 14 = v*l. Let a(m) = -m**3 - 7*m**2 + m + 10. Give a(l).
3
Let x(m) be the third derivative of m**6/120 - m**5/10 + m**4/6 - 10*m**3/3 - 764*m**2. Calculate x(6).
4
Let q = -66 + 80. Suppose 216 = -q*c + 26*c. Let w(f) = -f + 20. What is w(c)?
2
Let n(a) = a**3 + 11*a**2 + 10*a - 7. Suppose -26*q + 96 = -10*q. Suppose 5*d + 5*x = -50, -3*d - 36 = x - q. Give n(d).
-7
Let w be (-2980)/(-7) + (-96)/(-42) + -2. Let o = w - 291. Let i(j) = o*j**2 + j - j**3 + 4 - 135*j**2. Give i(3).
-20
Suppose -3*k = -4*k + 15. Let h(w) be the first derivative of w**4/4 - 16*w**3/3 + 15*w**2/2 + 6*w + 2819. Determine h(k).
6
Let v be ((-234)/(-30))/((-12)/(-20)). Let l(y) = y**3 - 12*y**2 - 16*y + 15. Calculate l(v).
-24
Let p(j) = j**3 - 15*j**2 - j - 20. Let g(y) = 172*y**2 + 3954*y - 31. Let x be g(-23). What is p(x)?
-35
Let w(l) be the third derivative of -l**6/360 - l**5/30 - 7*l**4/24 - 32*l**3/3 + 2*l**2 - 11*l. Let o(t) be the first derivative of w(t). What is o(-7)?
-28
Let i(q) be the third derivative of -q**6/120 - 3*q**5/20 - q**4/12 + q**3/2 - 9*q**2 + 44*q - 3. Give i(-4).
-69
Let b(k) = -83*k**2 + 84*k**2 + 4 - 6*k + 2. Let f = 17 + -42. Let t = 31 + f. Determine b(t).
6
Let f(l) = 14*l - 13*l - 16 - 30 - 9 - 2*l. Calculate f(14).
-69
Let n(l) be the second derivative of 32*l**3/3 - 191*l**2 - 5473*l. Determine n(6).
2
Let f(z) = -2*z + 4. Let n(j) = -j**2 + 2*j + 96. Let d(c) = 4*f(c) - n(c). Give d(15).
-5
Let n(p) = p**2 - 11*p - 42. Let t be n(15). Let q(o) = t + 23*o - 26*o + 8*o +